{"id":16,"date":"2020-11-14T18:19:31","date_gmt":"2020-11-14T17:19:31","guid":{"rendered":"http:\/\/animacirque.com\/?page_id=16"},"modified":"2020-11-15T14:45:01","modified_gmt":"2020-11-15T13:45:01","slug":"evenementiel","status":"publish","type":"page","link":"https:\/\/animacirque.com\/index.php\/evenementiel\/","title":{"rendered":"Evenementiel"},"content":{"rendered":"\n<h2 class=\"wp-block-heading\"><strong>Interventions lors de festivals, de f\u00eates de quartiers, d&rsquo;\u00e9v\u00e9nements en tout genre.<\/strong><\/h2>\n\n\n\n<p>Animation d&rsquo;un espace d&rsquo;initiation aux arts du cirque, encadr\u00e9 par un professionnel de la p\u00e9dagogie du cirque.<\/p>\n\n\n\n<p>Dans cet espace, les participants sont invit\u00e9s \u00e0 d\u00e9couvrir librement diff\u00e9rentes disciplines de Cirque telles que:<\/p>\n\n\n\n<p>La jonglerie : Assiettes chinoises, B\u00e2tons de fleurs, Foulards, Balles, Massues, Diabolos, Anneaux, Hoola hoop&#8230;<\/p>\n\n\n\n<p>Les disciplines d&rsquo;\u00e9quilibre : Rola bolas, P\u00e9dalgos, Slack line, suivant les possibilit\u00e9s qu&rsquo;offre l&rsquo;environnement &#8230;<\/p>\n\n\n\n<p>Un p\u00e9dagogue de cirque est toujours sur place pour r\u00e9pondre aux questions, susciter l\u2019int\u00e9r\u00eat, et animer le stand et assurer la s\u00e9curit\u00e9 des participants .<\/p>\n\n\n\n<p>Il peut \u00e9galement proposer des&nbsp; jeux sportifs comme des courses en sac, des ateliers de th\u00e9\u00e2tre, clown, ainsi que des percussions corporelles.<\/p>\n\n\n\n<p>Chacun est libre de rester le temps qu&rsquo;il souhaite et de partir \u00e0 tout moment.<\/p>\n\n\n\n<p>Nous fixons avec l&rsquo;organisation les plages horaires lors desquelles l&rsquo;espace est ouvert.<\/p>\n\n\n\n<p>Il est possible \u00e9galement d\u2019int\u00e9grer un moment ou un espace de grimage.<\/p>\n\n\n\n<p>D\u00e9ambulation en \u00e9chasses, monocycle ou \u00e0 pied avec costume en jonglant, jouant de l&rsquo;accord\u00e9on, ou faisant des bulles g\u00e9antes.<\/p>\n\n\n\n<p>C&rsquo;est toujours un plaisir de voir les regards p\u00e9tiller des petits et des grands \u00e0 la vu de nos personnages sortis d&rsquo;un monde imaginaire<\/p>\n","protected":false},"excerpt":{"rendered":"<p>Interventions lors de festivals, de f\u00eates de quartiers, d&rsquo;\u00e9v\u00e9nements en tout genre. Animation d&rsquo;un espace&#8230;<\/p>\n<div class=\"more-link-wrapper\"><a class=\"more-link\" href=\"https:\/\/animacirque.com\/index.php\/evenementiel\/\">Read the post<span class=\"screen-reader-text\">Evenementiel<\/span><\/a><\/div>\n","protected":false},"author":2,"featured_media":44,"parent":0,"menu_order":0,"comment_status":"closed","ping_status":"closed","template":"templates\/full-width.php","meta":{"footnotes":""},"class_list":["post-16","page","type-page","status-publish","has-post-thumbnail","hentry","excerpt","zoom","full-without-featured","even","excerpt-0"],"_links":{"self":[{"href":"https:\/\/animacirque.com\/index.php\/wp-json\/wp\/v2\/pages\/16","targetHints":{"allow":["GET"]}}],"collection":[{"href":"https:\/\/animacirque.com\/index.php\/wp-json\/wp\/v2\/pages"}],"about":[{"href":"https:\/\/animacirque.com\/index.php\/wp-json\/wp\/v2\/types\/page"}],"author":[{"embeddable":true,"href":"https:\/\/animacirque.com\/index.php\/wp-json\/wp\/v2\/users\/2"}],"replies":[{"embeddable":true,"href":"https:\/\/animacirque.com\/index.php\/wp-json\/wp\/v2\/comments?post=16"}],"version-history":[{"count":2,"href":"https:\/\/animacirque.com\/index.php\/wp-json\/wp\/v2\/pages\/16\/revisions"}],"predecessor-version":[{"id":55,"href":"https:\/\/animacirque.com\/index.php\/wp-json\/wp\/v2\/pages\/16\/revisions\/55"}],"wp:featuredmedia":[{"embeddable":true,"href":"https:\/\/animacirque.com\/index.php\/wp-json\/wp\/v2\/media\/44"}],"wp:attachment":[{"href":"https:\/\/animacirque.com\/index.php\/wp-json\/wp\/v2\/media?parent=16"}],"curies":[{"name":"wp","href":"https:\/\/api.w.org\/{rel}","templated":true}]}}